4. Suppose 36 = f*x + 3*j, -4*x + 5*j + 90 = x. Let h = 15 - x. Determine k(h).
10
Let g(w) be the second derivative of 3*w - 5/12*w**4 - 7/2*w**2 + 0 + 1/20*w**5 - 5/6*w**3. What is g(6)?
-1
Suppose -5*s - 55 = -3*b, b + 7 = 2. Let y be (32/7 + 8/s)*1. Let g(l) be the first derivative of -l**3/3 + 2*l**2 - 2*l + 1. Determine g(y).
-2
Suppose 2*z = u + 4*u - 21, -z + u - 3 = 0. Let t(s) = 1 - 8 - s**z + 2 - 3*s. Let i(j) = j**3 - 13*j**2 - 12*j - 32. Let h be i(14). Give t(h).
-9
Let v = 1019/2 - 509. Let a(j) be the first derivative of -v*j**2 - 10 - 7*j. What is a(-4)?
-3
Let r(d) = d**2 + 35*d - 42. Let f be r(-36). Let w(p) = -p**2 - 11*p - 15. Give w(f).
15
Let t(r) be the second derivative of r**7/1260 + r**5/60 - 13*r**4/6 - 18*r. Let c(p) be the third derivative of t(p). What is c(2)?
10
Let i(u) be the first derivative of u**2/2 + 2*u + 2. Let q(v) = -3*v - 9. Let s(z) = z - 1. Let p(m) = -q(m) - 2*s(m). Let w be p(-12). Give i(w).
1
Let q(l) = 10*l**2 + 5*l**2 - 2*l - 18*l**2 + 2 + 3*l + l**3. Suppose -4*k - k = -10. Determine q(k).
0
Let t(b) = b - 7. Suppose -22*w - 216 = -46*w. Calculate t(w).
2
Let d(v) = -v**2 - 6. Let k = -31 + 36. Suppose 0 = -k*g - s + 2, -g + s - 2 = 3*g. Calculate d(g).
-6
Let f be -1 + 2 - (-1 + -1). Let s(i) = -5*i**3 - 3*i**2 - 5*i + 14. Let g(z) = 9*z**3 + 6*z**2 + 9*z - 26. Let p(q) = 6*g(q) + 11*s(q). Calculate p(f).
-5
Let o(q) = -q**3 + 8*q**2 + 13*q - 39. Let g be o(9). Let j(r) = r - 4. Give j(g).
-7
Let n(x) = x**2 - 2*x + 3. Suppose j + 13 = 5*s, -12*j = -14*j + s + 1. What is n(j)?
3
Let r(w) = -5*w. Let j(y) = -3*y. Let x(z) = -8*j(z) + 5*r(z). Suppose -2 + 32 = 5*s. Let d be (4/s)/((-2)/12). Calculate x(d).
4
Let z(s) = -s**2 - 7*s - 2. Suppose -5*b + b + 56 = 0. Let t = b + -18. Let n be t - (-2 + (2 - -1)). Give z(n).
8
Suppose -4*o = -3*c + 34, -2*o + 6*c - 12 = 2*c. Let u(m) = -m**3 - 11*m**2 - 10*m + 3. Give u(o).
3
Let x be 4/6*(-2 - -8). Let m(j) = -j**2 - 10. What is m(x)?
-26
Let f(q) = -q - 1. Let o(z) = z**3 - z**2 - z + 1. Let l(t) = -f(t) + o(t). Suppose 2*w + 6 = w. Let s = w + 4. Give l(s).
-10
Let t(h) = -h**2 - 5*h - 5. Let l be (-5 + -1)/((-6)/(-4)). What is t(l)?
-1
Let w(y) be the second derivative of y**3/3 - 6*y**2 - y + 31. What is w(9)?
6
Let a(g) = g**2 + 2*g**2 - 8 + 4*g**2 - 6*g - 8*g**2. Suppose 3*x - t + 14 = 0, x + 2*t = -4*x - 38. Give a(x).
-8
Let m = -11 - -12. Let d(v) = -v**3 - v**2 - v + 1. Let r(b) = 3*b**2 - b + 5. Let w(a) = m*d(a) - r(a). Let x be (-2)/(((-6)/4)/(-3)). Give w(x).
-4
Suppose -8 = -2*i + 10. Suppose -3*o - i = 3*k, 3*o - k + 4 = 11. Let r(j) = -6*j**2 + 1166*j**3 + j + 6*j**2 - 1165*j**3. Calculate r(o).
2
Suppose -l = -2*o + 6, 26*o + 20 = 2*l + 30*o. Let z(k) = -k**3 + 4*k - 6. What is z(l)?
-6
Let f(y) = 3*y - 2. Let o = -14 - -10. Let a be (4 - (-18)/o)*8. Determine f(a).
-14
Let k(a) be the first derivative of -a**3/6 + a**2/2 - 6*a - 54. Let o(h) be the first derivative of k(h). Give o(-3).
4
Suppose k - 7*r = -12*r - 6, 0 = -3*k - 4*r + 26. Suppose k*f - 8*f - 42 = 0. Let g(l) = l**3 - 7*l**2 + l - 6. What is g(f)?
1
Let y(o) be the third derivative of -o**6/20 + o**5/60 + o**4/24 + o**3/6 - 2*o**2 + 341. What is y(-1)?
7
Let r(n) be the first derivative of -n**4/12 - 3*n**3/2 - n**2 - 2. Let k(t) be the second derivative of r(t). Let w = -41 + 35. Give k(w).
3
Let y(b) be the third derivative of b**6/120 - b**5/10 - b**4/4 + b**3/6 - 4*b**2 - 1. Give y(7).
8
Let y(k) be the first derivative of -k**3/3 - 2*k**2 - 3*k + 2. Let w be ((-21)/(-14))/((-3)/(-8)) + -10. Let t be 14/w + 10/30. What is y(t)?
1
Let z(q) = q**2 + 12*q + 5. Let n = -762 + 757. Calculate z(n).
-30
Let x(g) = g - 5. Let v be x(7). Suppose 5*n - c - 14 = n, -2*c - 4 = -v*n. Suppose 5*l - n - 11 = 0. Let o(w) = w**3 - 4*w**2 + 3. What is o(l)?
-6
Let q(j) = 2*j**2 - 3*j - 2. Let p(r) = 7*r + 9. Let m(k) = 4*k + 4. Let f(g) = 5*m(g) - 3*p(g). Let u be f(-10). Calculate q(u).
7
Let o(x) = -2*x**3 - 68*x + 3*x**3 + 4 + 5 - 1 - 10*x**2 + 67*x. What is o(10)?
-2
Let a be (12 - 21)/18 - 66/4. Let x(r) = 2*r**2 + 35*r + 29. Determine x(a).
12
Let c(i) be the third derivative of -i**6/120 - i**5/15 - 5*i**4/24 - i**3/3 - 193*i**2. Determine c(-3).
4
Let b(p) = -9*p**3 + 8*p**2 + 8*p - 9. Let w(t) = 4*t**3 - 3*t**2 - 4*t + 4. Let j(v) = 3*b(v) + 7*w(v). What is j(-4)?
1
Let d(t) = t**3 + 32*t**2 + 13*t - 560. Let n be d(-31). Let w(z) be the third derivative of 7*z**4/24 - z**3/3 - z**2. What is w(n)?
-16
Let q(y) be the second derivative of 9*y + 0 + 1/2*y**3 - y**2. Determine q(2).
4
Let d = 126 - 120. Let s(f) = -2*f + d*f + 3 - 14*f. Give s(2).
-17
Let g(w) = w**3 + 2*w**2 + 2*w + 3. Suppose 90 = 3*a + 3. Suppose 0 = 5*o - 4*u - a, -u + 4 + 9 = o. Suppose r - o = 4*r. Determine g(r).
-12
Let b(z) = 7 + 12 + 8*z - 4*z**2 + 3*z**2 - 15. Give b(8).
4
Let r(j) be the second derivative of j**5/20 + j**4/3 + j**3/3 - j**2 + 5*j. Let w be (-3)/1 + (-1 - (6 + -8)). What is r(w)?
2
Let t(q) = -44 + 8 - 4*q + 32. What is t(2)?
-12
Let h(z) = -16*z + 1. Let o be h(-1). Let g(j) = -j**3 + 17*j**2 - 6. Let r be g(o). Let m(i) = -i**2 - 8*i + 2. Give m(r).
14
Suppose -b = 14*f - 11*f + 28, 2*b = -f - 16. Let h(k) = -k**2 - 10*k - 9. What is h(f)?
7
Let f be (((-8)/(-2))/(-2))/(-1). Let u(r) = r**3 + 8*r**2 - 7*r + 9. Let v be u(-8). Let o(t) = v - 65 + t**2 - 2*t. What is o(f)?
0
Let l(m) = -2*m**3 - 4*m**2 - 3. Let b(q) = 2*q - 39. Let v be b(18). Determine l(v).
15
Let o(a) be the second derivative of -a**3/2 - 37*a**2/2 + 2*a + 89. Give o(-13).
2
Suppose 0 = 3*a - 4*g + 11 - 4, a = g - 1. Let r be (a + (-4 - -1))/2. Let n(b) = 6*b - 3*b + r*b + 1 + 3 - 2*b**3 + 3*b**2. Give n(3).
-14
Let k(p) be the third derivative of 4*p**2 + 1/120*p**6 + 1/60*p**5 + 0*p + 0 - 1/12*p**4 + 1/3*p**3. Determine k(2).
10
Let g(i) be the second derivative of -i**5/20 + i**4/3 - i**3/6 + 5*i**2/2 - i. Suppose 2*x - 22 = -3*o, -25 = -10*x + 5*x. What is g(o)?
1
Let f(b) = -3 - 2 - 2 + 4 + 10 - 3*b. What is f(6)?
-11
Let j(s) = s**3 + 3*s**2 + 6*s + 19. Let u be j(-3). Let i(n) = 0*n + 2*n**3 + 1 - 5*n + 3*n. What is i(u)?
1
Suppose -3*a - 4*f = -42, -7 = -a - 4*f + 15. Suppose -4*n + 2 = a. Let u(b) = 2*b**2 - 2*b - 3. What is u(n)?
9
Let k(b) = 2*b**2 - 5 - 7*b - b**3 - 9*b**2 + 0*b**3. Let c = -64 - -55. Let n be ((-9)/(-2))/c*12. Calculate k(n).
1
Let l(t) be the first derivative of -t**5/40 - 5*t**4/24 + 3*t**3 - 10. Let k(m) be the third derivative of l(m). What is k(-4)?
7
Suppose 922*c - 923*c = -1. Let n be 1*(-2)/4*0. Suppose n = -5*w - 4*z - 4, 3*z + 2 + c = -w. Let b(r) = -r**3 - r**2 + r - 9. What is b(w)?
-9
Let h(y) = -3*y - 343 + y**2 + 688 - 343. Let n(o) = -3 - 21*o**3 + 0 + 22*o**3 - 7*o**2 + 7*o. Let m be n(6). Give h(m).
2
Let u(d) = d**2 - d + 8. Let x(c) = -c**2 + 2*c - 9. Let j(g) = -5*u(g) - 4*x(g). Suppose 4*p - 4*r = 0, -p + 13 = 4*r - 7. Suppose -10 = p*b + 6. What is j(b)?
-8
Let t(z) be the first derivative of -z**2/2 - 10*z - 5. Suppose 5*n - 2*n + 9 = 0. Let o = -3 + n. Calculate t(o).
-4
Let s(l) = -l + 1. Let m(u) = 5*u - 12. Let h(i) = -m(i) - 6*s(i). Determine h(5).
11
Let t(k) = 3*k + 13. Suppose 5*v = -5*s + 3*v - 34, 2*s - 2*v + 8 = 0. Give t(s).
-5
Let a(u) = -u**3 - 7*u**2 + u + 9. Let p be a(-7). Suppose 0 = -p*v - 4*g - 2, -8*g - 11 = -v - 4*g. Let m(r) = 3*r + 4*r - 5 - 3*r - r**2 + v*r. What is m(5)?
5
Let h(w) = -14*w. Suppose -2*t - 5*s = -t + 29, 5*t = 4*s. Let p be t/(-30) - (-736)/(-120). Let q be (4/6)/(4/p). Calculate h(q).
14
Let z(b) = 150*b**2 + 151*b**2 - 1 - 460*b**2 + 153*b**2. Suppose j + 2 = 3*j. What is z(j)?
-7
Let i(r) = 5*r**2 + 22*r + 22. Let j(n) = -3*n**2 - 12*n - 12. Let a(y) = -4*i(y) - 7*j(y). Calculate a(6).
8
Suppose 0*s + 4*y = -5*s + 24, 2*s - 5*y = 36. Let q = s + -6. Let p(f) be the second derivative of f**4/6 - f**3/2 + f**2 + 6*f. Give p(q).
4
Suppose 5*y + 3*p - 21 = 0, -19 = -3*y - p - 8. Let b(j) be the first derivative of -3*j + 3*j + 3*j + 7 + 4*j**2 - y*j**2. Calculate b(6).
15
Let k = -30 - -32. Let n(c) = -c**2 + 4*c**2 - 1 - 3*c**2 - c + 3*c**k. Calculate n(2).
9
Let v(i) = 2*i - 1. Let w(g) = 5*g - 50. Let o be w(9). Suppose 11 = -2*p + 1. Let q be (6/p)/((-2)/o). Calculate v(q).
-7
Let l(k) be the first deriva